{"id":1854,"date":"2020-02-17T13:31:00","date_gmt":"2020-02-17T16:31:00","guid":{"rendered":"https:\/\/digitalsystems-rs.com.br\/produtos\/?post_type=product&#038;p=1854"},"modified":"2025-01-27T10:14:54","modified_gmt":"2025-01-27T13:14:54","slug":"scanner-de-mesa-fujitsu-fi-7180s","status":"publish","type":"product","link":"https:\/\/digitalsystems-rs.com.br\/produtos\/produto\/scanner-de-mesa-fujitsu-fi-7180s\/","title":{"rendered":"Scanner Fujitsu FI-7180S"},"content":{"rendered":"<div class=\"text-row\"><b>Tipo de Scanner<\/b><\/div>\n<div class=\"text-row\">Mesa<\/div>\n<div class=\"text-row\"><b>Profundidade de Cores<\/b><\/div>\n<div class=\"text-row\">24 Bits<\/div>\n<div class=\"text-row\"><b>Resolu\u00e7\u00e3o \u00d3tica<\/b><\/div>\n<div class=\"text-row\">600 dpi<\/div>\n<div class=\"text-row\"><b>Velocidade de digitaliza\u00e7\u00e3o<\/b><\/div>\n<div class=\"text-row\">At\u00e9 60 ppm (Duplex)<\/div>\n<div class=\"text-row\"><b>Ciclo Di\u00e1rio<\/b><\/div>\n<div class=\"text-row\">\n<p style=\"font-weight: 400;\">4000 Digitaliza\u00e7\u00f5es<\/p>\n<p style=\"font-weight: 400;\"><b style=\"font-weight: 400;\">Tipos de Documentos<\/b><\/p>\n<\/div>\n<div class=\"text-row\">\n<p style=\"font-weight: 400;\">Cart\u00e3o com relevo, cart\u00e3o de pl\u00e1stico, cart\u00e3o de visita, papel comum, cart\u00e3o de visita<\/p>\n<p style=\"font-weight: 400;\"><b style=\"font-weight: 400;\">Capacidade de bandeja de sa\u00edda<\/b><\/p>\n<\/div>\n<div>\n<div class=\"text-row\">80 paginas.<\/div>\n<\/div>\n","protected":false},"excerpt":{"rendered":"<div id=\"produtoDireita\">\n<div class=\"content-navigation center-size\">\n<div class=\"content-bottom-border\">\n<div id=\"product-gallery-details\">\n<div id=\"ctl00_cphCorpo_divCaracteristica\" class=\"col-list\">PRINCIPAIS CARACTER\u00cdSTICAS<\/p>\n<\/div>\n<\/div>\n<\/div>\n<\/div>\n<\/div>\n<div id=\"produtoDireita\">\n<div class=\"content1\">\n<ul>\n<li class=\"title-content\">\u00a0Alta resolu\u00e7\u00e3o de digitaliza\u00e7\u00e3o<\/li>\n<li>Acesse todos os recursos direto no painel<\/li>\n<li>Digitalize os dois lados de um documento com rapidez e comodidade<\/li>\n<li>Sensor de imagem: Cor CIS x 2 (Frente x 1, Verso x 1)<\/li>\n<li>Alta Velocidade<\/li>\n<li>C\u00f3pia frente e verso<\/li>\n<li>Alimentador Autom\u00e1tico<\/li>\n<\/ul>\n<\/div>\n<\/div>\n<p>&nbsp;<\/p>\n<div class=\"limpa\"><a class=\"qbutton small center white default\" style=\"color: #ffffff; background-color: #000000;\" href=\"https:\/\/digitalsystems-rs.com.br\/contato.html\" target=\"_blank\" rel=\"noopener noreferrer\" data-hover-background-color=\"#dd3333\" data-hover-color=\"#ffffff\">Entrar em Contato<\/a><\/div>\n","protected":false},"featured_media":1855,"template":"","meta":[],"product_brand":[],"product_cat":[28],"product_tag":[],"class_list":{"0":"post-1854","1":"product","2":"type-product","3":"status-publish","4":"has-post-thumbnail","6":"product_cat-scanner","8":"first","9":"instock","10":"virtual","11":"product-type-simple"},"yoast_head":"<!-- This site is optimized with the Yoast SEO plugin v27.2 - https:\/\/yoast.com\/product\/yoast-seo-wordpress\/ -->\n<title>Scanner Fujitsu FI-7180S - Digital Systems-RS<\/title>\n<meta name=\"description\" content=\"A Fujitsu apresenta seu novo scanner duplex a cores e de alto desempenho fi-7180 para departamentos, com alta velocidade de digitaliza\u00e7\u00e3o, chegando a 80...\" \/>\n<meta name=\"robots\" content=\"index, follow, max-snippet:-1, max-image-preview:large, max-video-preview:-1\" \/>\n<link rel=\"canonical\" href=\"https:\/\/digitalsystems-rs.com.br\/produtos\/produto\/scanner-de-mesa-fujitsu-fi-7180s\/\" \/>\n<meta property=\"og:locale\" content=\"pt_BR\" \/>\n<meta property=\"og:type\" content=\"article\" \/>\n<meta property=\"og:title\" content=\"Scanner Fujitsu FI-7180S - Digital Systems-RS\" \/>\n<meta property=\"og:description\" content=\"A Fujitsu apresenta seu novo scanner duplex a cores e de alto desempenho fi-7180 para departamentos, com alta velocidade de digitaliza\u00e7\u00e3o, chegando a 80...\" \/>\n<meta property=\"og:url\" content=\"https:\/\/digitalsystems-rs.com.br\/produtos\/produto\/scanner-de-mesa-fujitsu-fi-7180s\/\" \/>\n<meta property=\"og:site_name\" content=\"Digital Systems-RS\" \/>\n<meta property=\"article:modified_time\" content=\"2025-01-27T13:14:54+00:00\" \/>\n<meta property=\"og:image\" content=\"https:\/\/digitalsystems-rs.com.br\/produtos\/wp-content\/uploads\/2020\/02\/Fujitsu-FI-7180S.png\" \/>\n\t<meta property=\"og:image:width\" content=\"400\" \/>\n\t<meta property=\"og:image:height\" content=\"419\" \/>\n\t<meta property=\"og:image:type\" content=\"image\/png\" \/>\n<meta name=\"twitter:card\" content=\"summary_large_image\" \/>\n<meta name=\"twitter:label1\" content=\"Est. tempo de leitura\" \/>\n\t<meta name=\"twitter:data1\" content=\"1 minuto\" \/>\n<script type=\"application\/ld+json\" class=\"yoast-schema-graph\">{\"@context\":\"https:\/\/schema.org\",\"@graph\":[{\"@type\":\"WebPage\",\"@id\":\"https:\/\/digitalsystems-rs.com.br\/produtos\/produto\/scanner-de-mesa-fujitsu-fi-7180s\/\",\"url\":\"https:\/\/digitalsystems-rs.com.br\/produtos\/produto\/scanner-de-mesa-fujitsu-fi-7180s\/\",\"name\":\"Scanner Fujitsu FI-7180S - Digital Systems-RS\",\"isPartOf\":{\"@id\":\"https:\/\/digitalsystems-rs.com.br\/produtos\/#website\"},\"primaryImageOfPage\":{\"@id\":\"https:\/\/digitalsystems-rs.com.br\/produtos\/produto\/scanner-de-mesa-fujitsu-fi-7180s\/#primaryimage\"},\"image\":{\"@id\":\"https:\/\/digitalsystems-rs.com.br\/produtos\/produto\/scanner-de-mesa-fujitsu-fi-7180s\/#primaryimage\"},\"thumbnailUrl\":\"https:\/\/digitalsystems-rs.com.br\/produtos\/wp-content\/uploads\/2020\/02\/Fujitsu-FI-7180S.png\",\"datePublished\":\"2020-02-17T16:31:00+00:00\",\"dateModified\":\"2025-01-27T13:14:54+00:00\",\"description\":\"A Fujitsu apresenta seu novo scanner duplex a cores e de alto desempenho fi-7180 para departamentos, com alta velocidade de digitaliza\u00e7\u00e3o, chegando a 80...\",\"breadcrumb\":{\"@id\":\"https:\/\/digitalsystems-rs.com.br\/produtos\/produto\/scanner-de-mesa-fujitsu-fi-7180s\/#breadcrumb\"},\"inLanguage\":\"pt-BR\",\"potentialAction\":[{\"@type\":\"ReadAction\",\"target\":[\"https:\/\/digitalsystems-rs.com.br\/produtos\/produto\/scanner-de-mesa-fujitsu-fi-7180s\/\"]}]},{\"@type\":\"ImageObject\",\"inLanguage\":\"pt-BR\",\"@id\":\"https:\/\/digitalsystems-rs.com.br\/produtos\/produto\/scanner-de-mesa-fujitsu-fi-7180s\/#primaryimage\",\"url\":\"https:\/\/digitalsystems-rs.com.br\/produtos\/wp-content\/uploads\/2020\/02\/Fujitsu-FI-7180S.png\",\"contentUrl\":\"https:\/\/digitalsystems-rs.com.br\/produtos\/wp-content\/uploads\/2020\/02\/Fujitsu-FI-7180S.png\",\"width\":400,\"height\":419},{\"@type\":\"BreadcrumbList\",\"@id\":\"https:\/\/digitalsystems-rs.com.br\/produtos\/produto\/scanner-de-mesa-fujitsu-fi-7180s\/#breadcrumb\",\"itemListElement\":[{\"@type\":\"ListItem\",\"position\":1,\"name\":\"In\u00edcio\",\"item\":\"https:\/\/digitalsystems-rs.com.br\/produtos\/\"},{\"@type\":\"ListItem\",\"position\":2,\"name\":\"Products\",\"item\":\"https:\/\/digitalsystems-rs.com.br\/produtos\/shop\/\"},{\"@type\":\"ListItem\",\"position\":3,\"name\":\"Scanner Fujitsu FI-7180S\"}]},{\"@type\":\"WebSite\",\"@id\":\"https:\/\/digitalsystems-rs.com.br\/produtos\/#website\",\"url\":\"https:\/\/digitalsystems-rs.com.br\/produtos\/\",\"name\":\"Digital Systems-RS\",\"description\":\"Outsourcing de Impress\u00e3o e Digitaliza\u00e7\u00e3o\",\"potentialAction\":[{\"@type\":\"SearchAction\",\"target\":{\"@type\":\"EntryPoint\",\"urlTemplate\":\"https:\/\/digitalsystems-rs.com.br\/produtos\/?s={search_term_string}\"},\"query-input\":{\"@type\":\"PropertyValueSpecification\",\"valueRequired\":true,\"valueName\":\"search_term_string\"}}],\"inLanguage\":\"pt-BR\"}]}<\/script>\n<!-- \/ Yoast SEO plugin. -->","yoast_head_json":{"title":"Scanner Fujitsu FI-7180S - Digital Systems-RS","description":"A Fujitsu apresenta seu novo scanner duplex a cores e de alto desempenho fi-7180 para departamentos, com alta velocidade de digitaliza\u00e7\u00e3o, chegando a 80...","robots":{"index":"index","follow":"follow","max-snippet":"max-snippet:-1","max-image-preview":"max-image-preview:large","max-video-preview":"max-video-preview:-1"},"canonical":"https:\/\/digitalsystems-rs.com.br\/produtos\/produto\/scanner-de-mesa-fujitsu-fi-7180s\/","og_locale":"pt_BR","og_type":"article","og_title":"Scanner Fujitsu FI-7180S - Digital Systems-RS","og_description":"A Fujitsu apresenta seu novo scanner duplex a cores e de alto desempenho fi-7180 para departamentos, com alta velocidade de digitaliza\u00e7\u00e3o, chegando a 80...","og_url":"https:\/\/digitalsystems-rs.com.br\/produtos\/produto\/scanner-de-mesa-fujitsu-fi-7180s\/","og_site_name":"Digital Systems-RS","article_modified_time":"2025-01-27T13:14:54+00:00","og_image":[{"width":400,"height":419,"url":"https:\/\/digitalsystems-rs.com.br\/produtos\/wp-content\/uploads\/2020\/02\/Fujitsu-FI-7180S.png","type":"image\/png"}],"twitter_card":"summary_large_image","twitter_misc":{"Est. tempo de leitura":"1 minuto"},"schema":{"@context":"https:\/\/schema.org","@graph":[{"@type":"WebPage","@id":"https:\/\/digitalsystems-rs.com.br\/produtos\/produto\/scanner-de-mesa-fujitsu-fi-7180s\/","url":"https:\/\/digitalsystems-rs.com.br\/produtos\/produto\/scanner-de-mesa-fujitsu-fi-7180s\/","name":"Scanner Fujitsu FI-7180S - Digital Systems-RS","isPartOf":{"@id":"https:\/\/digitalsystems-rs.com.br\/produtos\/#website"},"primaryImageOfPage":{"@id":"https:\/\/digitalsystems-rs.com.br\/produtos\/produto\/scanner-de-mesa-fujitsu-fi-7180s\/#primaryimage"},"image":{"@id":"https:\/\/digitalsystems-rs.com.br\/produtos\/produto\/scanner-de-mesa-fujitsu-fi-7180s\/#primaryimage"},"thumbnailUrl":"https:\/\/digitalsystems-rs.com.br\/produtos\/wp-content\/uploads\/2020\/02\/Fujitsu-FI-7180S.png","datePublished":"2020-02-17T16:31:00+00:00","dateModified":"2025-01-27T13:14:54+00:00","description":"A Fujitsu apresenta seu novo scanner duplex a cores e de alto desempenho fi-7180 para departamentos, com alta velocidade de digitaliza\u00e7\u00e3o, chegando a 80...","breadcrumb":{"@id":"https:\/\/digitalsystems-rs.com.br\/produtos\/produto\/scanner-de-mesa-fujitsu-fi-7180s\/#breadcrumb"},"inLanguage":"pt-BR","potentialAction":[{"@type":"ReadAction","target":["https:\/\/digitalsystems-rs.com.br\/produtos\/produto\/scanner-de-mesa-fujitsu-fi-7180s\/"]}]},{"@type":"ImageObject","inLanguage":"pt-BR","@id":"https:\/\/digitalsystems-rs.com.br\/produtos\/produto\/scanner-de-mesa-fujitsu-fi-7180s\/#primaryimage","url":"https:\/\/digitalsystems-rs.com.br\/produtos\/wp-content\/uploads\/2020\/02\/Fujitsu-FI-7180S.png","contentUrl":"https:\/\/digitalsystems-rs.com.br\/produtos\/wp-content\/uploads\/2020\/02\/Fujitsu-FI-7180S.png","width":400,"height":419},{"@type":"BreadcrumbList","@id":"https:\/\/digitalsystems-rs.com.br\/produtos\/produto\/scanner-de-mesa-fujitsu-fi-7180s\/#breadcrumb","itemListElement":[{"@type":"ListItem","position":1,"name":"In\u00edcio","item":"https:\/\/digitalsystems-rs.com.br\/produtos\/"},{"@type":"ListItem","position":2,"name":"Products","item":"https:\/\/digitalsystems-rs.com.br\/produtos\/shop\/"},{"@type":"ListItem","position":3,"name":"Scanner Fujitsu FI-7180S"}]},{"@type":"WebSite","@id":"https:\/\/digitalsystems-rs.com.br\/produtos\/#website","url":"https:\/\/digitalsystems-rs.com.br\/produtos\/","name":"Digital Systems-RS","description":"Outsourcing de Impress\u00e3o e Digitaliza\u00e7\u00e3o","potentialAction":[{"@type":"SearchAction","target":{"@type":"EntryPoint","urlTemplate":"https:\/\/digitalsystems-rs.com.br\/produtos\/?s={search_term_string}"},"query-input":{"@type":"PropertyValueSpecification","valueRequired":true,"valueName":"search_term_string"}}],"inLanguage":"pt-BR"}]}},"_links":{"self":[{"href":"https:\/\/digitalsystems-rs.com.br\/produtos\/wp-json\/wp\/v2\/product\/1854","targetHints":{"allow":["GET"]}}],"collection":[{"href":"https:\/\/digitalsystems-rs.com.br\/produtos\/wp-json\/wp\/v2\/product"}],"about":[{"href":"https:\/\/digitalsystems-rs.com.br\/produtos\/wp-json\/wp\/v2\/types\/product"}],"wp:featuredmedia":[{"embeddable":true,"href":"https:\/\/digitalsystems-rs.com.br\/produtos\/wp-json\/wp\/v2\/media\/1855"}],"wp:attachment":[{"href":"https:\/\/digitalsystems-rs.com.br\/produtos\/wp-json\/wp\/v2\/media?parent=1854"}],"wp:term":[{"taxonomy":"product_brand","embeddable":true,"href":"https:\/\/digitalsystems-rs.com.br\/produtos\/wp-json\/wp\/v2\/product_brand?post=1854"},{"taxonomy":"product_cat","embeddable":true,"href":"https:\/\/digitalsystems-rs.com.br\/produtos\/wp-json\/wp\/v2\/product_cat?post=1854"},{"taxonomy":"product_tag","embeddable":true,"href":"https:\/\/digitalsystems-rs.com.br\/produtos\/wp-json\/wp\/v2\/product_tag?post=1854"}],"curies":[{"name":"wp","href":"https:\/\/api.w.org\/{rel}","templated":true}]}}