{"id":2725,"date":"2024-04-12T15:57:30","date_gmt":"2024-04-12T18:57:30","guid":{"rendered":"https:\/\/digitalsystems-rs.com.br\/produtos\/?post_type=product&#038;p=2725"},"modified":"2025-01-27T10:13:59","modified_gmt":"2025-01-27T13:13:59","slug":"ricoh-m-400fw","status":"publish","type":"product","link":"https:\/\/digitalsystems-rs.com.br\/produtos\/produto\/ricoh-m-400fw\/","title":{"rendered":"RICOH M 400FW"},"content":{"rendered":"<p><strong>Configura\u00e7\u00e3o<\/strong><\/p>\n<p>Mesa<\/p>\n<p><strong>Tecnologia<\/strong><\/p>\n<p>Laser<\/p>\n<p><strong>Painel de controle<\/strong><\/p>\n<p>Tela sens\u00edvel ao toque colorida de 2,8&#8243;<\/p>\n<p><strong>Cor<\/strong><\/p>\n<p>Preto e Branco<\/p>\n<p><strong>Velocidade de sa\u00edda Copiar\/Imprimir<\/strong><\/p>\n<p>40 ppm<\/p>\n<p><strong>Tempo de sa\u00edda da primeira pagina<\/strong><\/p>\n<p>5,9 segundos<\/p>\n<p><strong>Hora de aquecimento<\/strong><\/p>\n<p>N \/ D<\/p>\n<p><strong>Resolu\u00e7\u00e3o<\/strong><\/p>\n<p>600 x 600 dpi<\/p>\n<p><strong>Memoria do sistema<\/strong><\/p>\n<p>512 MB de RAM<\/p>\n<p><strong>Quantidade m\u00e1xima de c\u00f3pia<\/strong><\/p>\n<p>At\u00e9 9.999 c\u00f3pias<\/p>\n<p><strong>Alimentador de documentos de passagem \u00fanica (SPDF)<\/strong><\/p>\n<p>50 folhas<\/p>\n<p><strong>Tamanhos de papel suportados<\/strong><\/p>\n<p>A6, Of\u00edcio, Envelope 7 3\/4, Envelope 9, JIS-B5, A4, Of\u00edcio, A5, Carta, Statement, Executivo, Universal, Envelope DL, F\u00f3lio, Envelope 10<\/p>\n<p><strong>Pesos de papel suportados<\/strong><\/p>\n<p>Bandeja: 60 &#8211; 120 g\/m2 | Desvio: 60 &#8211; 217 g\/m2 | Duplex: 60 &#8211; 90 g\/m2<\/p>\n<p><strong>Capacidade de papel padr\u00e3o<\/strong><\/p>\n<p>250 folhas + bandeja manual para 100 folhas<\/p>\n<p><strong>Capacidade M\u00e1xima de Papel<\/strong><\/p>\n<p>2.100 folhas<\/p>\n<p><strong>Capacidade de sa\u00edda padr\u00e3o<\/strong><\/p>\n<p>150 folhas<\/p>\n<p><strong>Fonte de energia<\/strong><\/p>\n<p>100 &#8211; 127 V, 63 Hz \/ 220 &#8211; 240 V, 63 Hz<\/p>\n<p><strong>Dimens\u00f5es L x P x A<\/strong><\/p>\n<p>16,2&#8243; x 14,4&#8243; x 13,3&#8243; (411 x 366 x 338 mm)<\/p>\n<p><strong>Peso<\/strong><\/p>\n<p>12,8kg<\/p>\n","protected":false},"excerpt":{"rendered":"<div id=\"produtoDireita\">\n<div class=\"content-navigation center-size\">\n<div class=\"content-bottom-border\">\n<div id=\"product-gallery-details\">\n<div id=\"ctl00_cphCorpo_divCaracteristica\" class=\"col-list\">\n<div id=\"produtoDireita\">\n<div class=\"content-navigation center-size\">\n<div class=\"content-bottom-border\">\n<div id=\"product-gallery-details\">\n<div id=\"ctl00_cphCorpo_divCaracteristica\" class=\"col-list\"><\/div>\n<div>\n<div id=\"produtoDireita\">\n<h3 class=\"widget__subheadline-text h2\" data-type=\"text\">Impressora multifuncional a laser preto e branco<\/h3>\n<ul>\n<li class=\"\">Imprime at\u00e9 40 ppm (A4)\/42 ppm (Carta), c\u00f3pia, digitaliza\u00e7\u00e3o, fax<\/li>\n<li class=\"\">Resolu\u00e7\u00e3o m\u00e1xima de impress\u00e3o de 2400 x 600 dpi<\/li>\n<li class=\"\">Capacidade de papel at\u00e9 900 folhas<\/li>\n<li class=\"\">Maximize seu or\u00e7amento e tempo de atividade com maior rendimento de impress\u00e3o e menos complica\u00e7\u00f5es<\/li>\n<\/ul>\n<p>&nbsp;<\/p>\n<\/div>\n<\/div>\n<\/div>\n<\/div>\n<\/div>\n<\/div>\n<div class=\"limpa\"><a class=\"qbutton small center white default\" style=\"color: #ffffff; background-color: #000000;\" href=\"https:\/\/digitalsystems-rs.com.br\/contato.html\" target=\"_blank\" rel=\"noopener noreferrer\" data-hover-background-color=\"#dd3333\" data-hover-color=\"#ffffff\">Entrar em Contato<\/a><\/div>\n<\/div>\n<\/div>\n<\/div>\n<\/div>\n<\/div>\n","protected":false},"featured_media":2726,"template":"","meta":[],"product_brand":[],"product_cat":[20,24],"product_tag":[],"class_list":{"0":"post-2725","1":"product","2":"type-product","3":"status-publish","4":"has-post-thumbnail","6":"product_cat-monocromaticos","7":"product_cat-ricoh","9":"first","10":"instock","11":"virtual","12":"product-type-simple"},"yoast_head":"<!-- This site is optimized with the Yoast SEO plugin v27.2 - https:\/\/yoast.com\/product\/yoast-seo-wordpress\/ -->\n<title>RICOH M 400FW - Digital Systems-RS - Outsourcing de Impress\u00e3o<\/title>\n<meta name=\"description\" content=\"A impressora multifuncional Ricoh M 400FW veio para simplificar fluxos de impress\u00f5es e de trabalho digitais em grandes escalas.\" \/>\n<meta name=\"robots\" content=\"index, follow, max-snippet:-1, max-image-preview:large, max-video-preview:-1\" \/>\n<link rel=\"canonical\" href=\"https:\/\/digitalsystems-rs.com.br\/produtos\/produto\/ricoh-m-400fw\/\" \/>\n<meta property=\"og:locale\" content=\"pt_BR\" \/>\n<meta property=\"og:type\" content=\"article\" \/>\n<meta property=\"og:title\" content=\"RICOH M 400FW - Digital Systems-RS - Outsourcing de Impress\u00e3o\" \/>\n<meta property=\"og:description\" content=\"A impressora multifuncional Ricoh M 400FW veio para simplificar fluxos de impress\u00f5es e de trabalho digitais em grandes escalas.\" \/>\n<meta property=\"og:url\" content=\"https:\/\/digitalsystems-rs.com.br\/produtos\/produto\/ricoh-m-400fw\/\" \/>\n<meta property=\"og:site_name\" content=\"Digital Systems-RS\" \/>\n<meta property=\"article:modified_time\" content=\"2025-01-27T13:13:59+00:00\" \/>\n<meta property=\"og:image\" content=\"https:\/\/digitalsystems-rs.com.br\/produtos\/wp-content\/uploads\/2024\/04\/digital-systems-produtos-ricoh-m-400fw-01.jpg\" \/>\n\t<meta property=\"og:image:width\" content=\"980\" \/>\n\t<meta property=\"og:image:height\" content=\"817\" \/>\n\t<meta property=\"og:image:type\" content=\"image\/jpeg\" \/>\n<meta name=\"twitter:card\" content=\"summary_large_image\" \/>\n<meta name=\"twitter:label1\" content=\"Est. tempo de leitura\" \/>\n\t<meta name=\"twitter:data1\" content=\"2 minutos\" \/>\n<script type=\"application\/ld+json\" class=\"yoast-schema-graph\">{\"@context\":\"https:\/\/schema.org\",\"@graph\":[{\"@type\":\"WebPage\",\"@id\":\"https:\/\/digitalsystems-rs.com.br\/produtos\/produto\/ricoh-m-400fw\/\",\"url\":\"https:\/\/digitalsystems-rs.com.br\/produtos\/produto\/ricoh-m-400fw\/\",\"name\":\"RICOH M 400FW - Digital Systems-RS - Outsourcing de Impress\u00e3o\",\"isPartOf\":{\"@id\":\"https:\/\/digitalsystems-rs.com.br\/produtos\/#website\"},\"primaryImageOfPage\":{\"@id\":\"https:\/\/digitalsystems-rs.com.br\/produtos\/produto\/ricoh-m-400fw\/#primaryimage\"},\"image\":{\"@id\":\"https:\/\/digitalsystems-rs.com.br\/produtos\/produto\/ricoh-m-400fw\/#primaryimage\"},\"thumbnailUrl\":\"https:\/\/digitalsystems-rs.com.br\/produtos\/wp-content\/uploads\/2024\/04\/digital-systems-produtos-ricoh-m-400fw-01.jpg\",\"datePublished\":\"2024-04-12T18:57:30+00:00\",\"dateModified\":\"2025-01-27T13:13:59+00:00\",\"description\":\"A impressora multifuncional Ricoh M 400FW veio para simplificar fluxos de impress\u00f5es e de trabalho digitais em grandes escalas.\",\"breadcrumb\":{\"@id\":\"https:\/\/digitalsystems-rs.com.br\/produtos\/produto\/ricoh-m-400fw\/#breadcrumb\"},\"inLanguage\":\"pt-BR\",\"potentialAction\":[{\"@type\":\"ReadAction\",\"target\":[\"https:\/\/digitalsystems-rs.com.br\/produtos\/produto\/ricoh-m-400fw\/\"]}]},{\"@type\":\"ImageObject\",\"inLanguage\":\"pt-BR\",\"@id\":\"https:\/\/digitalsystems-rs.com.br\/produtos\/produto\/ricoh-m-400fw\/#primaryimage\",\"url\":\"https:\/\/digitalsystems-rs.com.br\/produtos\/wp-content\/uploads\/2024\/04\/digital-systems-produtos-ricoh-m-400fw-01.jpg\",\"contentUrl\":\"https:\/\/digitalsystems-rs.com.br\/produtos\/wp-content\/uploads\/2024\/04\/digital-systems-produtos-ricoh-m-400fw-01.jpg\",\"width\":980,\"height\":817},{\"@type\":\"BreadcrumbList\",\"@id\":\"https:\/\/digitalsystems-rs.com.br\/produtos\/produto\/ricoh-m-400fw\/#breadcrumb\",\"itemListElement\":[{\"@type\":\"ListItem\",\"position\":1,\"name\":\"In\u00edcio\",\"item\":\"https:\/\/digitalsystems-rs.com.br\/produtos\/\"},{\"@type\":\"ListItem\",\"position\":2,\"name\":\"Products\",\"item\":\"https:\/\/digitalsystems-rs.com.br\/produtos\/shop\/\"},{\"@type\":\"ListItem\",\"position\":3,\"name\":\"RICOH M 400FW\"}]},{\"@type\":\"WebSite\",\"@id\":\"https:\/\/digitalsystems-rs.com.br\/produtos\/#website\",\"url\":\"https:\/\/digitalsystems-rs.com.br\/produtos\/\",\"name\":\"Digital Systems-RS\",\"description\":\"Outsourcing de Impress\u00e3o e Digitaliza\u00e7\u00e3o\",\"potentialAction\":[{\"@type\":\"SearchAction\",\"target\":{\"@type\":\"EntryPoint\",\"urlTemplate\":\"https:\/\/digitalsystems-rs.com.br\/produtos\/?s={search_term_string}\"},\"query-input\":{\"@type\":\"PropertyValueSpecification\",\"valueRequired\":true,\"valueName\":\"search_term_string\"}}],\"inLanguage\":\"pt-BR\"}]}<\/script>\n<!-- \/ Yoast SEO plugin. -->","yoast_head_json":{"title":"RICOH M 400FW - Digital Systems-RS - Outsourcing de Impress\u00e3o","description":"A impressora multifuncional Ricoh M 400FW veio para simplificar fluxos de impress\u00f5es e de trabalho digitais em grandes escalas.","robots":{"index":"index","follow":"follow","max-snippet":"max-snippet:-1","max-image-preview":"max-image-preview:large","max-video-preview":"max-video-preview:-1"},"canonical":"https:\/\/digitalsystems-rs.com.br\/produtos\/produto\/ricoh-m-400fw\/","og_locale":"pt_BR","og_type":"article","og_title":"RICOH M 400FW - Digital Systems-RS - Outsourcing de Impress\u00e3o","og_description":"A impressora multifuncional Ricoh M 400FW veio para simplificar fluxos de impress\u00f5es e de trabalho digitais em grandes escalas.","og_url":"https:\/\/digitalsystems-rs.com.br\/produtos\/produto\/ricoh-m-400fw\/","og_site_name":"Digital Systems-RS","article_modified_time":"2025-01-27T13:13:59+00:00","og_image":[{"width":980,"height":817,"url":"https:\/\/digitalsystems-rs.com.br\/produtos\/wp-content\/uploads\/2024\/04\/digital-systems-produtos-ricoh-m-400fw-01.jpg","type":"image\/jpeg"}],"twitter_card":"summary_large_image","twitter_misc":{"Est. tempo de leitura":"2 minutos"},"schema":{"@context":"https:\/\/schema.org","@graph":[{"@type":"WebPage","@id":"https:\/\/digitalsystems-rs.com.br\/produtos\/produto\/ricoh-m-400fw\/","url":"https:\/\/digitalsystems-rs.com.br\/produtos\/produto\/ricoh-m-400fw\/","name":"RICOH M 400FW - Digital Systems-RS - Outsourcing de Impress\u00e3o","isPartOf":{"@id":"https:\/\/digitalsystems-rs.com.br\/produtos\/#website"},"primaryImageOfPage":{"@id":"https:\/\/digitalsystems-rs.com.br\/produtos\/produto\/ricoh-m-400fw\/#primaryimage"},"image":{"@id":"https:\/\/digitalsystems-rs.com.br\/produtos\/produto\/ricoh-m-400fw\/#primaryimage"},"thumbnailUrl":"https:\/\/digitalsystems-rs.com.br\/produtos\/wp-content\/uploads\/2024\/04\/digital-systems-produtos-ricoh-m-400fw-01.jpg","datePublished":"2024-04-12T18:57:30+00:00","dateModified":"2025-01-27T13:13:59+00:00","description":"A impressora multifuncional Ricoh M 400FW veio para simplificar fluxos de impress\u00f5es e de trabalho digitais em grandes escalas.","breadcrumb":{"@id":"https:\/\/digitalsystems-rs.com.br\/produtos\/produto\/ricoh-m-400fw\/#breadcrumb"},"inLanguage":"pt-BR","potentialAction":[{"@type":"ReadAction","target":["https:\/\/digitalsystems-rs.com.br\/produtos\/produto\/ricoh-m-400fw\/"]}]},{"@type":"ImageObject","inLanguage":"pt-BR","@id":"https:\/\/digitalsystems-rs.com.br\/produtos\/produto\/ricoh-m-400fw\/#primaryimage","url":"https:\/\/digitalsystems-rs.com.br\/produtos\/wp-content\/uploads\/2024\/04\/digital-systems-produtos-ricoh-m-400fw-01.jpg","contentUrl":"https:\/\/digitalsystems-rs.com.br\/produtos\/wp-content\/uploads\/2024\/04\/digital-systems-produtos-ricoh-m-400fw-01.jpg","width":980,"height":817},{"@type":"BreadcrumbList","@id":"https:\/\/digitalsystems-rs.com.br\/produtos\/produto\/ricoh-m-400fw\/#breadcrumb","itemListElement":[{"@type":"ListItem","position":1,"name":"In\u00edcio","item":"https:\/\/digitalsystems-rs.com.br\/produtos\/"},{"@type":"ListItem","position":2,"name":"Products","item":"https:\/\/digitalsystems-rs.com.br\/produtos\/shop\/"},{"@type":"ListItem","position":3,"name":"RICOH M 400FW"}]},{"@type":"WebSite","@id":"https:\/\/digitalsystems-rs.com.br\/produtos\/#website","url":"https:\/\/digitalsystems-rs.com.br\/produtos\/","name":"Digital Systems-RS","description":"Outsourcing de Impress\u00e3o e Digitaliza\u00e7\u00e3o","potentialAction":[{"@type":"SearchAction","target":{"@type":"EntryPoint","urlTemplate":"https:\/\/digitalsystems-rs.com.br\/produtos\/?s={search_term_string}"},"query-input":{"@type":"PropertyValueSpecification","valueRequired":true,"valueName":"search_term_string"}}],"inLanguage":"pt-BR"}]}},"_links":{"self":[{"href":"https:\/\/digitalsystems-rs.com.br\/produtos\/wp-json\/wp\/v2\/product\/2725","targetHints":{"allow":["GET"]}}],"collection":[{"href":"https:\/\/digitalsystems-rs.com.br\/produtos\/wp-json\/wp\/v2\/product"}],"about":[{"href":"https:\/\/digitalsystems-rs.com.br\/produtos\/wp-json\/wp\/v2\/types\/product"}],"wp:featuredmedia":[{"embeddable":true,"href":"https:\/\/digitalsystems-rs.com.br\/produtos\/wp-json\/wp\/v2\/media\/2726"}],"wp:attachment":[{"href":"https:\/\/digitalsystems-rs.com.br\/produtos\/wp-json\/wp\/v2\/media?parent=2725"}],"wp:term":[{"taxonomy":"product_brand","embeddable":true,"href":"https:\/\/digitalsystems-rs.com.br\/produtos\/wp-json\/wp\/v2\/product_brand?post=2725"},{"taxonomy":"product_cat","embeddable":true,"href":"https:\/\/digitalsystems-rs.com.br\/produtos\/wp-json\/wp\/v2\/product_cat?post=2725"},{"taxonomy":"product_tag","embeddable":true,"href":"https:\/\/digitalsystems-rs.com.br\/produtos\/wp-json\/wp\/v2\/product_tag?post=2725"}],"curies":[{"name":"wp","href":"https:\/\/api.w.org\/{rel}","templated":true}]}}