{"id":411,"date":"2019-12-31T12:39:54","date_gmt":"2019-12-31T15:39:54","guid":{"rendered":"https:\/\/digitalsystems-rs.com.br\/produtos\/?post_type=product&#038;p=411"},"modified":"2025-01-27T10:09:06","modified_gmt":"2025-01-27T13:09:06","slug":"plotter-cannon-ipf770","status":"publish","type":"product","link":"https:\/\/digitalsystems-rs.com.br\/produtos\/produto\/plotter-cannon-ipf770\/","title":{"rendered":"PLOTTER CANNON IPF770"},"content":{"rendered":"<h3>Alta produtividade<\/h3>\n<p>Eleve a produtividade a novos n\u00edveis com a Canon iPF770, a mais recente impressora de 5 cores com mais velocidade de impress\u00e3o, que permite a impress\u00e3o em formato A0 no modo de rascunho em 48 segundos. Ofere\u00e7a tamb\u00e9m mais efici\u00eancia aos usu\u00e1rios com a nova funcionalidade de atalho de impress\u00e3o do Direct Print &amp; Share. Esta funcionalidade permite que os usu\u00e1rios criem atalhos para as suas defini\u00e7\u00f5es de impress\u00e3o mais utilizadas e imprimam arrastando e &#8220;largando&#8221; os\u00a0arquivos nesses atalhos.<\/p>\n<h3>Qualidade e precis\u00e3o excecionais<\/h3>\n<p>O sistema de tintas de colora\u00e7\u00e3o e de pigmento de 5 cores da Canon produz as linhas mais finas e n\u00edtidas. Com uma precis\u00e3o de +\/- 0,1% e uma largura m\u00ednima de linha de 0,02\u00a0mm, a precis\u00e3o est\u00e1 garantida. Obtenha cores mais vibrantes em desenhos CAD e GIS e texto ou imagens\u00a0em vermelho com uma qualidade superior para posters e POS (pontos de venda) com a tinta magenta reformulada da iPF770, que abrange um espetro mais amplo que nunca.<\/p>\n<h3>Com liga\u00e7\u00e3o \u00e0 cloud<\/h3>\n<p>Aumente a produtividade e simplifique os fluxos de trabalho de impress\u00e3o com o Direct Print &amp; Share da imagePROGRAF, que permite imprimir uma grande variedade de tipos de\u00a0arquivos sem necessitar de aplica\u00e7\u00f5es especiais. Para al\u00e9m da integra\u00e7\u00e3o do PosterArtist, a solu\u00e7\u00e3o permite carregar e transferir\u00a0arquivos para\u00a0compartilhamento imediato, com acesso f\u00e1cil mesmo a partir de dispositivos m\u00f3veis. Tamb\u00e9m \u00e9 suportada a impress\u00e3o a partir de aplica\u00e7\u00f5es para iPad.<\/p>\n<h3>Econ\u00f4mica e eficaz<\/h3>\n<p>Fa\u00e7a a gest\u00e3o dos custos de impress\u00e3o mais facilmente com o Monitor de Estado incorporado. A fun\u00e7\u00e3o do Monitor de Estado de contabiliza\u00e7\u00e3o recolhe os registos dos trabalhos de impress\u00e3o e calcula automaticamente os custos por trabalho ou por per\u00edodo de tempo. Possibilidade de sele\u00e7\u00e3o de um modo econ\u00f4mico que utiliza menos tinta, ideal para a impress\u00e3o de rascunhos.<\/p>\n","protected":false},"excerpt":{"rendered":"<div id=\"produtoDireita\">\n<p>PRINCIPAIS CARACTER\u00cdSTICAS<\/p>\n<ul>\n<li>Impressora: P&amp;B e Colorido;<\/li>\n<li>Tinta pigmentada\/dye;<\/li>\n<li>Imprime at\u00e9 A0;<\/li>\n<li>Resolu\u00e7\u00e3o de 1200&#215;1200 dpi;<\/li>\n<li>Pedestal Incluso;<\/li>\n<li>Tamanho da boca 36&#8243;\/914,4 mm;<\/li>\n<li>2400&#215;1200 dpi de resolu\u00e7\u00e3o m\u00e1xima;<\/li>\n<li>Capacidade de impress\u00e3o\/produ\u00e7\u00e3o de at\u00e9 280 metros mensais.<\/li>\n<\/ul>\n<\/div>\n<p>&nbsp;<\/p>\n<div class=\"limpa\"><a class=\"qbutton small center white default\" style=\"color: #ffffff; background-color: #000000;\" href=\"https:\/\/digitalsystems-rs.com.br\/contato.html\" target=\"_blank\" rel=\"noopener noreferrer\" data-hover-background-color=\"#dd3333\" data-hover-color=\"#ffffff\">Entrar em Contato<\/a><\/div>\n","protected":false},"featured_media":412,"template":"","meta":[],"product_brand":[],"product_cat":[21],"product_tag":[],"class_list":{"0":"post-411","1":"product","2":"type-product","3":"status-publish","4":"has-post-thumbnail","6":"product_cat-plotter","8":"first","9":"instock","10":"virtual","11":"product-type-simple"},"yoast_head":"<!-- This site is optimized with the Yoast SEO plugin v27.2 - https:\/\/yoast.com\/product\/yoast-seo-wordpress\/ -->\n<title>PLOTTER CANNON IPF770 - Digital Systems-RS<\/title>\n<meta name=\"description\" content=\"Eleve a produtividade a novos n\u00edveis com a Canon iPF770, a mais recente impressora de 5 cores com mais velocidade de impress\u00e3o, que permite a impress\u00e3o em..\" \/>\n<meta name=\"robots\" content=\"index, follow, max-snippet:-1, max-image-preview:large, max-video-preview:-1\" \/>\n<link rel=\"canonical\" href=\"https:\/\/digitalsystems-rs.com.br\/produtos\/produto\/plotter-cannon-ipf770\/\" \/>\n<meta property=\"og:locale\" content=\"pt_BR\" \/>\n<meta property=\"og:type\" content=\"article\" \/>\n<meta property=\"og:title\" content=\"PLOTTER CANNON IPF770 - Digital Systems-RS\" \/>\n<meta property=\"og:description\" content=\"Eleve a produtividade a novos n\u00edveis com a Canon iPF770, a mais recente impressora de 5 cores com mais velocidade de impress\u00e3o, que permite a impress\u00e3o em..\" \/>\n<meta property=\"og:url\" content=\"https:\/\/digitalsystems-rs.com.br\/produtos\/produto\/plotter-cannon-ipf770\/\" \/>\n<meta property=\"og:site_name\" content=\"Digital Systems-RS\" \/>\n<meta property=\"article:modified_time\" content=\"2025-01-27T13:09:06+00:00\" \/>\n<meta property=\"og:image\" content=\"https:\/\/digitalsystems-rs.com.br\/produtos\/wp-content\/uploads\/2019\/12\/28032018032409.png\" \/>\n\t<meta property=\"og:image:width\" content=\"530\" \/>\n\t<meta property=\"og:image:height\" content=\"265\" \/>\n\t<meta property=\"og:image:type\" content=\"image\/png\" \/>\n<meta name=\"twitter:card\" content=\"summary_large_image\" \/>\n<meta name=\"twitter:label1\" content=\"Est. tempo de leitura\" \/>\n\t<meta name=\"twitter:data1\" content=\"2 minutos\" \/>\n<script type=\"application\/ld+json\" class=\"yoast-schema-graph\">{\"@context\":\"https:\/\/schema.org\",\"@graph\":[{\"@type\":\"WebPage\",\"@id\":\"https:\/\/digitalsystems-rs.com.br\/produtos\/produto\/plotter-cannon-ipf770\/\",\"url\":\"https:\/\/digitalsystems-rs.com.br\/produtos\/produto\/plotter-cannon-ipf770\/\",\"name\":\"PLOTTER CANNON IPF770 - Digital Systems-RS\",\"isPartOf\":{\"@id\":\"https:\/\/digitalsystems-rs.com.br\/produtos\/#website\"},\"primaryImageOfPage\":{\"@id\":\"https:\/\/digitalsystems-rs.com.br\/produtos\/produto\/plotter-cannon-ipf770\/#primaryimage\"},\"image\":{\"@id\":\"https:\/\/digitalsystems-rs.com.br\/produtos\/produto\/plotter-cannon-ipf770\/#primaryimage\"},\"thumbnailUrl\":\"https:\/\/digitalsystems-rs.com.br\/produtos\/wp-content\/uploads\/2019\/12\/28032018032409.png\",\"datePublished\":\"2019-12-31T15:39:54+00:00\",\"dateModified\":\"2025-01-27T13:09:06+00:00\",\"description\":\"Eleve a produtividade a novos n\u00edveis com a Canon iPF770, a mais recente impressora de 5 cores com mais velocidade de impress\u00e3o, que permite a impress\u00e3o em..\",\"breadcrumb\":{\"@id\":\"https:\/\/digitalsystems-rs.com.br\/produtos\/produto\/plotter-cannon-ipf770\/#breadcrumb\"},\"inLanguage\":\"pt-BR\",\"potentialAction\":[{\"@type\":\"ReadAction\",\"target\":[\"https:\/\/digitalsystems-rs.com.br\/produtos\/produto\/plotter-cannon-ipf770\/\"]}]},{\"@type\":\"ImageObject\",\"inLanguage\":\"pt-BR\",\"@id\":\"https:\/\/digitalsystems-rs.com.br\/produtos\/produto\/plotter-cannon-ipf770\/#primaryimage\",\"url\":\"https:\/\/digitalsystems-rs.com.br\/produtos\/wp-content\/uploads\/2019\/12\/28032018032409.png\",\"contentUrl\":\"https:\/\/digitalsystems-rs.com.br\/produtos\/wp-content\/uploads\/2019\/12\/28032018032409.png\",\"width\":530,\"height\":265},{\"@type\":\"BreadcrumbList\",\"@id\":\"https:\/\/digitalsystems-rs.com.br\/produtos\/produto\/plotter-cannon-ipf770\/#breadcrumb\",\"itemListElement\":[{\"@type\":\"ListItem\",\"position\":1,\"name\":\"In\u00edcio\",\"item\":\"https:\/\/digitalsystems-rs.com.br\/produtos\/\"},{\"@type\":\"ListItem\",\"position\":2,\"name\":\"Products\",\"item\":\"https:\/\/digitalsystems-rs.com.br\/produtos\/shop\/\"},{\"@type\":\"ListItem\",\"position\":3,\"name\":\"PLOTTER CANNON IPF770\"}]},{\"@type\":\"WebSite\",\"@id\":\"https:\/\/digitalsystems-rs.com.br\/produtos\/#website\",\"url\":\"https:\/\/digitalsystems-rs.com.br\/produtos\/\",\"name\":\"Digital Systems-RS\",\"description\":\"Outsourcing de Impress\u00e3o e Digitaliza\u00e7\u00e3o\",\"potentialAction\":[{\"@type\":\"SearchAction\",\"target\":{\"@type\":\"EntryPoint\",\"urlTemplate\":\"https:\/\/digitalsystems-rs.com.br\/produtos\/?s={search_term_string}\"},\"query-input\":{\"@type\":\"PropertyValueSpecification\",\"valueRequired\":true,\"valueName\":\"search_term_string\"}}],\"inLanguage\":\"pt-BR\"}]}<\/script>\n<!-- \/ Yoast SEO plugin. -->","yoast_head_json":{"title":"PLOTTER CANNON IPF770 - Digital Systems-RS","description":"Eleve a produtividade a novos n\u00edveis com a Canon iPF770, a mais recente impressora de 5 cores com mais velocidade de impress\u00e3o, que permite a impress\u00e3o em..","robots":{"index":"index","follow":"follow","max-snippet":"max-snippet:-1","max-image-preview":"max-image-preview:large","max-video-preview":"max-video-preview:-1"},"canonical":"https:\/\/digitalsystems-rs.com.br\/produtos\/produto\/plotter-cannon-ipf770\/","og_locale":"pt_BR","og_type":"article","og_title":"PLOTTER CANNON IPF770 - Digital Systems-RS","og_description":"Eleve a produtividade a novos n\u00edveis com a Canon iPF770, a mais recente impressora de 5 cores com mais velocidade de impress\u00e3o, que permite a impress\u00e3o em..","og_url":"https:\/\/digitalsystems-rs.com.br\/produtos\/produto\/plotter-cannon-ipf770\/","og_site_name":"Digital Systems-RS","article_modified_time":"2025-01-27T13:09:06+00:00","og_image":[{"width":530,"height":265,"url":"https:\/\/digitalsystems-rs.com.br\/produtos\/wp-content\/uploads\/2019\/12\/28032018032409.png","type":"image\/png"}],"twitter_card":"summary_large_image","twitter_misc":{"Est. tempo de leitura":"2 minutos"},"schema":{"@context":"https:\/\/schema.org","@graph":[{"@type":"WebPage","@id":"https:\/\/digitalsystems-rs.com.br\/produtos\/produto\/plotter-cannon-ipf770\/","url":"https:\/\/digitalsystems-rs.com.br\/produtos\/produto\/plotter-cannon-ipf770\/","name":"PLOTTER CANNON IPF770 - Digital Systems-RS","isPartOf":{"@id":"https:\/\/digitalsystems-rs.com.br\/produtos\/#website"},"primaryImageOfPage":{"@id":"https:\/\/digitalsystems-rs.com.br\/produtos\/produto\/plotter-cannon-ipf770\/#primaryimage"},"image":{"@id":"https:\/\/digitalsystems-rs.com.br\/produtos\/produto\/plotter-cannon-ipf770\/#primaryimage"},"thumbnailUrl":"https:\/\/digitalsystems-rs.com.br\/produtos\/wp-content\/uploads\/2019\/12\/28032018032409.png","datePublished":"2019-12-31T15:39:54+00:00","dateModified":"2025-01-27T13:09:06+00:00","description":"Eleve a produtividade a novos n\u00edveis com a Canon iPF770, a mais recente impressora de 5 cores com mais velocidade de impress\u00e3o, que permite a impress\u00e3o em..","breadcrumb":{"@id":"https:\/\/digitalsystems-rs.com.br\/produtos\/produto\/plotter-cannon-ipf770\/#breadcrumb"},"inLanguage":"pt-BR","potentialAction":[{"@type":"ReadAction","target":["https:\/\/digitalsystems-rs.com.br\/produtos\/produto\/plotter-cannon-ipf770\/"]}]},{"@type":"ImageObject","inLanguage":"pt-BR","@id":"https:\/\/digitalsystems-rs.com.br\/produtos\/produto\/plotter-cannon-ipf770\/#primaryimage","url":"https:\/\/digitalsystems-rs.com.br\/produtos\/wp-content\/uploads\/2019\/12\/28032018032409.png","contentUrl":"https:\/\/digitalsystems-rs.com.br\/produtos\/wp-content\/uploads\/2019\/12\/28032018032409.png","width":530,"height":265},{"@type":"BreadcrumbList","@id":"https:\/\/digitalsystems-rs.com.br\/produtos\/produto\/plotter-cannon-ipf770\/#breadcrumb","itemListElement":[{"@type":"ListItem","position":1,"name":"In\u00edcio","item":"https:\/\/digitalsystems-rs.com.br\/produtos\/"},{"@type":"ListItem","position":2,"name":"Products","item":"https:\/\/digitalsystems-rs.com.br\/produtos\/shop\/"},{"@type":"ListItem","position":3,"name":"PLOTTER CANNON IPF770"}]},{"@type":"WebSite","@id":"https:\/\/digitalsystems-rs.com.br\/produtos\/#website","url":"https:\/\/digitalsystems-rs.com.br\/produtos\/","name":"Digital Systems-RS","description":"Outsourcing de Impress\u00e3o e Digitaliza\u00e7\u00e3o","potentialAction":[{"@type":"SearchAction","target":{"@type":"EntryPoint","urlTemplate":"https:\/\/digitalsystems-rs.com.br\/produtos\/?s={search_term_string}"},"query-input":{"@type":"PropertyValueSpecification","valueRequired":true,"valueName":"search_term_string"}}],"inLanguage":"pt-BR"}]}},"_links":{"self":[{"href":"https:\/\/digitalsystems-rs.com.br\/produtos\/wp-json\/wp\/v2\/product\/411","targetHints":{"allow":["GET"]}}],"collection":[{"href":"https:\/\/digitalsystems-rs.com.br\/produtos\/wp-json\/wp\/v2\/product"}],"about":[{"href":"https:\/\/digitalsystems-rs.com.br\/produtos\/wp-json\/wp\/v2\/types\/product"}],"wp:featuredmedia":[{"embeddable":true,"href":"https:\/\/digitalsystems-rs.com.br\/produtos\/wp-json\/wp\/v2\/media\/412"}],"wp:attachment":[{"href":"https:\/\/digitalsystems-rs.com.br\/produtos\/wp-json\/wp\/v2\/media?parent=411"}],"wp:term":[{"taxonomy":"product_brand","embeddable":true,"href":"https:\/\/digitalsystems-rs.com.br\/produtos\/wp-json\/wp\/v2\/product_brand?post=411"},{"taxonomy":"product_cat","embeddable":true,"href":"https:\/\/digitalsystems-rs.com.br\/produtos\/wp-json\/wp\/v2\/product_cat?post=411"},{"taxonomy":"product_tag","embeddable":true,"href":"https:\/\/digitalsystems-rs.com.br\/produtos\/wp-json\/wp\/v2\/product_tag?post=411"}],"curies":[{"name":"wp","href":"https:\/\/api.w.org\/{rel}","templated":true}]}}