{"id":440,"date":"2019-12-03T22:46:56","date_gmt":"2019-12-04T01:46:56","guid":{"rendered":"https:\/\/digitalsystems-rs.com.br\/produtos\/?post_type=product&#038;p=440"},"modified":"2025-01-27T10:22:15","modified_gmt":"2025-01-27T13:22:15","slug":"ricoh-mp402-spf","status":"publish","type":"product","link":"https:\/\/digitalsystems-rs.com.br\/produtos\/produto\/ricoh-mp402-spf\/","title":{"rendered":"RICOH MP6503"},"content":{"rendered":"<h3>Especifica\u00e7\u00f5es<\/h3>\n<p><strong>Configura\u00e7\u00e3o<\/strong><\/p>\n<p>Produto Multifuncional de Mesa (MFP)<\/p>\n<p><strong>Elemento de Digitaliza\u00e7\u00e3o<\/strong><\/p>\n<p>Matriz de LEDs<\/p>\n<p><strong>Processo de impress\u00e3o<\/strong><\/p>\n<p>Impress\u00e3o eletrofotogr\u00e1fica por matriz de LEDs<\/p>\n<p><strong>Painel de Controle<\/strong><\/p>\n<p>Painel de opera\u00e7\u00e3o inteligente de 10,1&#8242;<\/p>\n<p><strong>Cor<\/strong><\/p>\n<p>Preto e branco<\/p>\n<p><strong>Velocidade de sa\u00edda Copiar\/Imprimir<\/strong><\/p>\n<p>at\u00e9 43 ppm (carta)<\/p>\n<p><strong>Tempo de sa\u00edda da primeira p\u00e1gina<\/strong><\/p>\n<p>3,9 segundos<\/p>\n<p><strong>Hora de aquecimento<\/strong><\/p>\n<p>21 segundos (ap\u00f3s ligado o interruptor principal)<\/p>\n<p><strong>Tempo de recupera\u00e7\u00e3o do modo de suspens\u00e3o<\/strong><\/p>\n<p>9,4 segundos<\/p>\n<p><strong>Resolu\u00e7\u00e3o<\/strong><\/p>\n<p>600 x 600 dpi (Vidro de Exposi\u00e7\u00e3o), 600&#215;300 (SPDF)<\/p>\n<p><strong>Quantidade m\u00e1xima de c\u00f3pia<\/strong><\/p>\n<p>At\u00e9 99<\/p>\n<p><strong>Memoria do sistema<\/strong><\/p>\n<p>Padr\u00e3o: 2 GB<\/p>\n<p>&nbsp;<\/p>\n","protected":false},"excerpt":{"rendered":"<div id=\"produtoDireita\">\n<div class=\"content-navigation center-size\">\n<div class=\"content-bottom-border\">\n<div id=\"product-gallery-details\">\n<div id=\"ctl00_cphCorpo_divCaracteristica\" class=\"col-list\">PRINCIPAIS CARACTER\u00cdSTICAS<\/div>\n<\/div>\n<\/div>\n<\/div>\n<\/div>\n<div id=\"produtoDireita\">\n<ul>\n<li>Impress\u00e3o de ate 65 ppm, c\u00f3pia, digitaliza\u00e7\u00e3o, fax( opcional);<\/li>\n<li>Resolu\u00e7\u00e3o m\u00e1xima de impress\u00e3o de 1200 x 1200 dpi;<\/li>\n<li>capacidade de papel de at\u00e9 4.300 p\u00e1ginas;<\/li>\n<li>Resolu\u00e7\u00e3o de 1200&#215;1200 dpi;<\/li>\n<li>Personalize fluxos de trabalho instantaneamente usando o painel Smtar Operation de 10,1&#8242;;<\/li>\n<\/ul>\n<\/div>\n<p>&nbsp;<\/p>\n<div class=\"limpa\"><a class=\"qbutton small center white default\" style=\"color: #ffffff; background-color: #000000;\" href=\"https:\/\/digitalsystems-rs.com.br\/contato.html\" target=\"_blank\" rel=\"noopener noreferrer\" data-hover-background-color=\"#dd3333\" data-hover-color=\"#ffffff\">Entrar em Contato<\/a><\/div>\n","protected":false},"featured_media":1760,"template":"","meta":[],"product_brand":[],"product_cat":[20,24],"product_tag":[],"class_list":{"0":"post-440","1":"product","2":"type-product","3":"status-publish","4":"has-post-thumbnail","6":"product_cat-monocromaticos","7":"product_cat-ricoh","9":"first","10":"instock","11":"virtual","12":"product-type-simple"},"yoast_head":"<!-- This site is optimized with the Yoast SEO plugin v27.2 - https:\/\/yoast.com\/product\/yoast-seo-wordpress\/ -->\n<title>RICOH MP6503 - Digital Systems-RS<\/title>\n<meta name=\"description\" content=\"Coloque a impressora multifuncional a laser preto e branco (MFP) Ricoh MP 6503 em ambientes de impress\u00e3o monocrom\u00e1tica sem comprometer a qualidade.\" \/>\n<meta name=\"robots\" content=\"index, follow, max-snippet:-1, max-image-preview:large, max-video-preview:-1\" \/>\n<link rel=\"canonical\" href=\"https:\/\/digitalsystems-rs.com.br\/produtos\/produto\/ricoh-mp402-spf\/\" \/>\n<meta property=\"og:locale\" content=\"pt_BR\" \/>\n<meta property=\"og:type\" content=\"article\" \/>\n<meta property=\"og:title\" content=\"RICOH MP6503 - Digital Systems-RS\" \/>\n<meta property=\"og:description\" content=\"Coloque a impressora multifuncional a laser preto e branco (MFP) Ricoh MP 6503 em ambientes de impress\u00e3o monocrom\u00e1tica sem comprometer a qualidade.\" \/>\n<meta property=\"og:url\" content=\"https:\/\/digitalsystems-rs.com.br\/produtos\/produto\/ricoh-mp402-spf\/\" \/>\n<meta property=\"og:site_name\" content=\"Digital Systems-RS\" \/>\n<meta property=\"article:modified_time\" content=\"2025-01-27T13:22:15+00:00\" \/>\n<meta property=\"og:image\" content=\"https:\/\/digitalsystems-rs.com.br\/produtos\/wp-content\/uploads\/2019\/12\/MP-6503-2.png\" \/>\n\t<meta property=\"og:image:width\" content=\"504\" \/>\n\t<meta property=\"og:image:height\" content=\"528\" \/>\n\t<meta property=\"og:image:type\" content=\"image\/png\" \/>\n<meta name=\"twitter:card\" content=\"summary_large_image\" \/>\n<meta name=\"twitter:label1\" content=\"Est. tempo de leitura\" \/>\n\t<meta name=\"twitter:data1\" content=\"1 minuto\" \/>\n<script type=\"application\/ld+json\" class=\"yoast-schema-graph\">{\"@context\":\"https:\/\/schema.org\",\"@graph\":[{\"@type\":\"WebPage\",\"@id\":\"https:\/\/digitalsystems-rs.com.br\/produtos\/produto\/ricoh-mp402-spf\/\",\"url\":\"https:\/\/digitalsystems-rs.com.br\/produtos\/produto\/ricoh-mp402-spf\/\",\"name\":\"RICOH MP6503 - Digital Systems-RS\",\"isPartOf\":{\"@id\":\"https:\/\/digitalsystems-rs.com.br\/produtos\/#website\"},\"primaryImageOfPage\":{\"@id\":\"https:\/\/digitalsystems-rs.com.br\/produtos\/produto\/ricoh-mp402-spf\/#primaryimage\"},\"image\":{\"@id\":\"https:\/\/digitalsystems-rs.com.br\/produtos\/produto\/ricoh-mp402-spf\/#primaryimage\"},\"thumbnailUrl\":\"https:\/\/digitalsystems-rs.com.br\/produtos\/wp-content\/uploads\/2019\/12\/MP-6503-2.png\",\"datePublished\":\"2019-12-04T01:46:56+00:00\",\"dateModified\":\"2025-01-27T13:22:15+00:00\",\"description\":\"Coloque a impressora multifuncional a laser preto e branco (MFP) Ricoh MP 6503 em ambientes de impress\u00e3o monocrom\u00e1tica sem comprometer a qualidade.\",\"breadcrumb\":{\"@id\":\"https:\/\/digitalsystems-rs.com.br\/produtos\/produto\/ricoh-mp402-spf\/#breadcrumb\"},\"inLanguage\":\"pt-BR\",\"potentialAction\":[{\"@type\":\"ReadAction\",\"target\":[\"https:\/\/digitalsystems-rs.com.br\/produtos\/produto\/ricoh-mp402-spf\/\"]}]},{\"@type\":\"ImageObject\",\"inLanguage\":\"pt-BR\",\"@id\":\"https:\/\/digitalsystems-rs.com.br\/produtos\/produto\/ricoh-mp402-spf\/#primaryimage\",\"url\":\"https:\/\/digitalsystems-rs.com.br\/produtos\/wp-content\/uploads\/2019\/12\/MP-6503-2.png\",\"contentUrl\":\"https:\/\/digitalsystems-rs.com.br\/produtos\/wp-content\/uploads\/2019\/12\/MP-6503-2.png\",\"width\":504,\"height\":528},{\"@type\":\"BreadcrumbList\",\"@id\":\"https:\/\/digitalsystems-rs.com.br\/produtos\/produto\/ricoh-mp402-spf\/#breadcrumb\",\"itemListElement\":[{\"@type\":\"ListItem\",\"position\":1,\"name\":\"In\u00edcio\",\"item\":\"https:\/\/digitalsystems-rs.com.br\/produtos\/\"},{\"@type\":\"ListItem\",\"position\":2,\"name\":\"Products\",\"item\":\"https:\/\/digitalsystems-rs.com.br\/produtos\/shop\/\"},{\"@type\":\"ListItem\",\"position\":3,\"name\":\"RICOH MP6503\"}]},{\"@type\":\"WebSite\",\"@id\":\"https:\/\/digitalsystems-rs.com.br\/produtos\/#website\",\"url\":\"https:\/\/digitalsystems-rs.com.br\/produtos\/\",\"name\":\"Digital Systems-RS\",\"description\":\"Outsourcing de Impress\u00e3o e Digitaliza\u00e7\u00e3o\",\"potentialAction\":[{\"@type\":\"SearchAction\",\"target\":{\"@type\":\"EntryPoint\",\"urlTemplate\":\"https:\/\/digitalsystems-rs.com.br\/produtos\/?s={search_term_string}\"},\"query-input\":{\"@type\":\"PropertyValueSpecification\",\"valueRequired\":true,\"valueName\":\"search_term_string\"}}],\"inLanguage\":\"pt-BR\"}]}<\/script>\n<!-- \/ Yoast SEO plugin. -->","yoast_head_json":{"title":"RICOH MP6503 - Digital Systems-RS","description":"Coloque a impressora multifuncional a laser preto e branco (MFP) Ricoh MP 6503 em ambientes de impress\u00e3o monocrom\u00e1tica sem comprometer a qualidade.","robots":{"index":"index","follow":"follow","max-snippet":"max-snippet:-1","max-image-preview":"max-image-preview:large","max-video-preview":"max-video-preview:-1"},"canonical":"https:\/\/digitalsystems-rs.com.br\/produtos\/produto\/ricoh-mp402-spf\/","og_locale":"pt_BR","og_type":"article","og_title":"RICOH MP6503 - Digital Systems-RS","og_description":"Coloque a impressora multifuncional a laser preto e branco (MFP) Ricoh MP 6503 em ambientes de impress\u00e3o monocrom\u00e1tica sem comprometer a qualidade.","og_url":"https:\/\/digitalsystems-rs.com.br\/produtos\/produto\/ricoh-mp402-spf\/","og_site_name":"Digital Systems-RS","article_modified_time":"2025-01-27T13:22:15+00:00","og_image":[{"width":504,"height":528,"url":"https:\/\/digitalsystems-rs.com.br\/produtos\/wp-content\/uploads\/2019\/12\/MP-6503-2.png","type":"image\/png"}],"twitter_card":"summary_large_image","twitter_misc":{"Est. tempo de leitura":"1 minuto"},"schema":{"@context":"https:\/\/schema.org","@graph":[{"@type":"WebPage","@id":"https:\/\/digitalsystems-rs.com.br\/produtos\/produto\/ricoh-mp402-spf\/","url":"https:\/\/digitalsystems-rs.com.br\/produtos\/produto\/ricoh-mp402-spf\/","name":"RICOH MP6503 - Digital Systems-RS","isPartOf":{"@id":"https:\/\/digitalsystems-rs.com.br\/produtos\/#website"},"primaryImageOfPage":{"@id":"https:\/\/digitalsystems-rs.com.br\/produtos\/produto\/ricoh-mp402-spf\/#primaryimage"},"image":{"@id":"https:\/\/digitalsystems-rs.com.br\/produtos\/produto\/ricoh-mp402-spf\/#primaryimage"},"thumbnailUrl":"https:\/\/digitalsystems-rs.com.br\/produtos\/wp-content\/uploads\/2019\/12\/MP-6503-2.png","datePublished":"2019-12-04T01:46:56+00:00","dateModified":"2025-01-27T13:22:15+00:00","description":"Coloque a impressora multifuncional a laser preto e branco (MFP) Ricoh MP 6503 em ambientes de impress\u00e3o monocrom\u00e1tica sem comprometer a qualidade.","breadcrumb":{"@id":"https:\/\/digitalsystems-rs.com.br\/produtos\/produto\/ricoh-mp402-spf\/#breadcrumb"},"inLanguage":"pt-BR","potentialAction":[{"@type":"ReadAction","target":["https:\/\/digitalsystems-rs.com.br\/produtos\/produto\/ricoh-mp402-spf\/"]}]},{"@type":"ImageObject","inLanguage":"pt-BR","@id":"https:\/\/digitalsystems-rs.com.br\/produtos\/produto\/ricoh-mp402-spf\/#primaryimage","url":"https:\/\/digitalsystems-rs.com.br\/produtos\/wp-content\/uploads\/2019\/12\/MP-6503-2.png","contentUrl":"https:\/\/digitalsystems-rs.com.br\/produtos\/wp-content\/uploads\/2019\/12\/MP-6503-2.png","width":504,"height":528},{"@type":"BreadcrumbList","@id":"https:\/\/digitalsystems-rs.com.br\/produtos\/produto\/ricoh-mp402-spf\/#breadcrumb","itemListElement":[{"@type":"ListItem","position":1,"name":"In\u00edcio","item":"https:\/\/digitalsystems-rs.com.br\/produtos\/"},{"@type":"ListItem","position":2,"name":"Products","item":"https:\/\/digitalsystems-rs.com.br\/produtos\/shop\/"},{"@type":"ListItem","position":3,"name":"RICOH MP6503"}]},{"@type":"WebSite","@id":"https:\/\/digitalsystems-rs.com.br\/produtos\/#website","url":"https:\/\/digitalsystems-rs.com.br\/produtos\/","name":"Digital Systems-RS","description":"Outsourcing de Impress\u00e3o e Digitaliza\u00e7\u00e3o","potentialAction":[{"@type":"SearchAction","target":{"@type":"EntryPoint","urlTemplate":"https:\/\/digitalsystems-rs.com.br\/produtos\/?s={search_term_string}"},"query-input":{"@type":"PropertyValueSpecification","valueRequired":true,"valueName":"search_term_string"}}],"inLanguage":"pt-BR"}]}},"_links":{"self":[{"href":"https:\/\/digitalsystems-rs.com.br\/produtos\/wp-json\/wp\/v2\/product\/440","targetHints":{"allow":["GET"]}}],"collection":[{"href":"https:\/\/digitalsystems-rs.com.br\/produtos\/wp-json\/wp\/v2\/product"}],"about":[{"href":"https:\/\/digitalsystems-rs.com.br\/produtos\/wp-json\/wp\/v2\/types\/product"}],"wp:featuredmedia":[{"embeddable":true,"href":"https:\/\/digitalsystems-rs.com.br\/produtos\/wp-json\/wp\/v2\/media\/1760"}],"wp:attachment":[{"href":"https:\/\/digitalsystems-rs.com.br\/produtos\/wp-json\/wp\/v2\/media?parent=440"}],"wp:term":[{"taxonomy":"product_brand","embeddable":true,"href":"https:\/\/digitalsystems-rs.com.br\/produtos\/wp-json\/wp\/v2\/product_brand?post=440"},{"taxonomy":"product_cat","embeddable":true,"href":"https:\/\/digitalsystems-rs.com.br\/produtos\/wp-json\/wp\/v2\/product_cat?post=440"},{"taxonomy":"product_tag","embeddable":true,"href":"https:\/\/digitalsystems-rs.com.br\/produtos\/wp-json\/wp\/v2\/product_tag?post=440"}],"curies":[{"name":"wp","href":"https:\/\/api.w.org\/{rel}","templated":true}]}}