{"id":473,"date":"2020-01-03T13:14:37","date_gmt":"2020-01-03T16:14:37","guid":{"rendered":"https:\/\/digitalsystems-rs.com.br\/produtos\/?post_type=product&#038;p=473"},"modified":"2025-01-27T10:21:01","modified_gmt":"2025-01-27T13:21:01","slug":"samsung-m4070","status":"publish","type":"product","link":"https:\/\/digitalsystems-rs.com.br\/produtos\/produto\/samsung-m4070\/","title":{"rendered":"SAMSUNG M4070"},"content":{"rendered":"<h3>Especifica\u00e7\u00f5es<\/h3>\n<p><strong>Fun\u00e7\u00f5es<\/strong><\/p>\n<p>Impress\u00e3o, Digitaliza\u00e7\u00e3o, C\u00f3pia e Fax<\/p>\n<p><strong>Memoria<\/strong><\/p>\n<p>256MB<\/p>\n<p><strong>Conex\u00e3o<\/strong><\/p>\n<p>Interface USB 2.0 e Ethernet<\/p>\n<p><strong>Consumo de Energia<\/strong><\/p>\n<p>700W (Ativa)<\/p>\n<p>10W (Em Espera)<\/p>\n<p>1.1W (Hiberna\u00e7\u00e3o)<\/p>\n<p><strong>Ciclo Mensal<\/strong><\/p>\n<p>At\u00e9 100.000 p\u00e1ginas<\/p>\n<p><strong>Painel de Controle<\/strong><\/p>\n<p>LCD de 4 linhas<\/p>\n<p><strong>Velocidade de Impress\u00e3o<\/strong><\/p>\n<p>Velocidade Preto e Branco: 40 p\u00e1ginas por minuto<\/p>\n<p>A4 42 p\u00e1ginas por minuto Carta<\/p>\n<p><strong>Velocidade de C\u00f3pia<\/strong><\/p>\n<p>At\u00e9 40 copias por minuto A4<\/p>\n<p>At\u00e9 42 c\u00f3pias por minuto Carta<\/p>\n<p><strong>Velocidade da Primeira C\u00f3pia<\/strong><\/p>\n<p>At\u00e9 10 seg.<\/p>\n<p><strong>C\u00f3pias<\/strong><\/p>\n<p>1-99 p\u00e1ginas<\/p>\n<p><strong>Duplex<\/strong><\/p>\n<p>Embutido<\/p>\n<p>&nbsp;<\/p>\n","protected":false},"excerpt":{"rendered":"<div id=\"produtoDireita\">\n<div class=\"content-navigation center-size\">\n<div class=\"content-bottom-border\">\n<div id=\"product-gallery-details\">\n<div id=\"ctl00_cphCorpo_divCaracteristica\" class=\"col-list\">PRINCIPAIS CARACTER\u00cdSTICAS<\/div>\n<\/div>\n<\/div>\n<\/div>\n<\/div>\n<div id=\"produtoDireita\"><\/div>\n<div class=\"product-img-box col-md-6\">\n<div id=\"produtoDireita\">\n<ul>\n<li>Impressora: preto e branco;<\/li>\n<li>Imprime at\u00e9 42 p\u00e1ginas por minuto;<\/li>\n<li>Scanner colorido;<\/li>\n<li>Duplex (Frente e Verso);<\/li>\n<li>Impress\u00e3o de alta qualidade com resolu\u00e7\u00e3o de at\u00e9 1200 x 1200 dpi;<\/li>\n<li>Capacidade total de papel de 550 folhas, expans\u00edvel;<\/li>\n<li>Fun\u00e7\u00f5es de impress\u00e3o, digitalizar para e-mail, digitalizar para uma pasta (FTP\/SMB\/NCP), c\u00f3pia, fax de rede (Lan fax, Internetfax, IP Fax e fax para pasta).<\/li>\n<\/ul>\n<\/div>\n<\/div>\n<p>&nbsp;<\/p>\n<div class=\"limpa\"><a class=\"qbutton small center white default\" style=\"color: #ffffff; background-color: #000000;\" href=\"https:\/\/digitalsystems-rs.com.br\/contato.html\" target=\"_blank\" rel=\"noopener noreferrer\" data-hover-background-color=\"#dd3333\" data-hover-color=\"#ffffff\">Entrar em Contato<\/a><\/div>\n","protected":false},"featured_media":1049,"template":"","meta":[],"product_brand":[],"product_cat":[20,26],"product_tag":[],"class_list":{"0":"post-473","1":"product","2":"type-product","3":"status-publish","4":"has-post-thumbnail","6":"product_cat-monocromaticos","7":"product_cat-samsung","9":"first","10":"instock","11":"virtual","12":"product-type-simple"},"yoast_head":"<!-- This site is optimized with the Yoast SEO plugin v27.2 - https:\/\/yoast.com\/product\/yoast-seo-wordpress\/ -->\n<title>SAMSUNG M4070 - Digital Systems-RS<\/title>\n<meta name=\"description\" content=\"Com a versatilidade de um equipamento 4 em 1, voc\u00ea tem em uma \u00fanica impressora as fun\u00e7\u00f5es de impress\u00e3o, digitaliza\u00e7\u00e3o, copia e envio de fax.\" \/>\n<meta name=\"robots\" content=\"index, follow, max-snippet:-1, max-image-preview:large, max-video-preview:-1\" \/>\n<link rel=\"canonical\" href=\"https:\/\/digitalsystems-rs.com.br\/produtos\/produto\/samsung-m4070\/\" \/>\n<meta property=\"og:locale\" content=\"pt_BR\" \/>\n<meta property=\"og:type\" content=\"article\" \/>\n<meta property=\"og:title\" content=\"SAMSUNG M4070 - Digital Systems-RS\" \/>\n<meta property=\"og:description\" content=\"Com a versatilidade de um equipamento 4 em 1, voc\u00ea tem em uma \u00fanica impressora as fun\u00e7\u00f5es de impress\u00e3o, digitaliza\u00e7\u00e3o, copia e envio de fax.\" \/>\n<meta property=\"og:url\" content=\"https:\/\/digitalsystems-rs.com.br\/produtos\/produto\/samsung-m4070\/\" \/>\n<meta property=\"og:site_name\" content=\"Digital Systems-RS\" \/>\n<meta property=\"article:modified_time\" content=\"2025-01-27T13:21:01+00:00\" \/>\n<meta property=\"og:image\" content=\"https:\/\/digitalsystems-rs.com.br\/produtos\/wp-content\/uploads\/2020\/01\/SAMSUNG_M4070.png\" \/>\n\t<meta property=\"og:image:width\" content=\"600\" \/>\n\t<meta property=\"og:image:height\" content=\"600\" \/>\n\t<meta property=\"og:image:type\" content=\"image\/png\" \/>\n<meta name=\"twitter:card\" content=\"summary_large_image\" \/>\n<meta name=\"twitter:label1\" content=\"Est. tempo de leitura\" \/>\n\t<meta name=\"twitter:data1\" content=\"1 minuto\" \/>\n<script type=\"application\/ld+json\" class=\"yoast-schema-graph\">{\"@context\":\"https:\/\/schema.org\",\"@graph\":[{\"@type\":\"WebPage\",\"@id\":\"https:\/\/digitalsystems-rs.com.br\/produtos\/produto\/samsung-m4070\/\",\"url\":\"https:\/\/digitalsystems-rs.com.br\/produtos\/produto\/samsung-m4070\/\",\"name\":\"SAMSUNG M4070 - Digital Systems-RS\",\"isPartOf\":{\"@id\":\"https:\/\/digitalsystems-rs.com.br\/produtos\/#website\"},\"primaryImageOfPage\":{\"@id\":\"https:\/\/digitalsystems-rs.com.br\/produtos\/produto\/samsung-m4070\/#primaryimage\"},\"image\":{\"@id\":\"https:\/\/digitalsystems-rs.com.br\/produtos\/produto\/samsung-m4070\/#primaryimage\"},\"thumbnailUrl\":\"https:\/\/digitalsystems-rs.com.br\/produtos\/wp-content\/uploads\/2020\/01\/SAMSUNG_M4070.png\",\"datePublished\":\"2020-01-03T16:14:37+00:00\",\"dateModified\":\"2025-01-27T13:21:01+00:00\",\"description\":\"Com a versatilidade de um equipamento 4 em 1, voc\u00ea tem em uma \u00fanica impressora as fun\u00e7\u00f5es de impress\u00e3o, digitaliza\u00e7\u00e3o, copia e envio de fax.\",\"breadcrumb\":{\"@id\":\"https:\/\/digitalsystems-rs.com.br\/produtos\/produto\/samsung-m4070\/#breadcrumb\"},\"inLanguage\":\"pt-BR\",\"potentialAction\":[{\"@type\":\"ReadAction\",\"target\":[\"https:\/\/digitalsystems-rs.com.br\/produtos\/produto\/samsung-m4070\/\"]}]},{\"@type\":\"ImageObject\",\"inLanguage\":\"pt-BR\",\"@id\":\"https:\/\/digitalsystems-rs.com.br\/produtos\/produto\/samsung-m4070\/#primaryimage\",\"url\":\"https:\/\/digitalsystems-rs.com.br\/produtos\/wp-content\/uploads\/2020\/01\/SAMSUNG_M4070.png\",\"contentUrl\":\"https:\/\/digitalsystems-rs.com.br\/produtos\/wp-content\/uploads\/2020\/01\/SAMSUNG_M4070.png\",\"width\":600,\"height\":600},{\"@type\":\"BreadcrumbList\",\"@id\":\"https:\/\/digitalsystems-rs.com.br\/produtos\/produto\/samsung-m4070\/#breadcrumb\",\"itemListElement\":[{\"@type\":\"ListItem\",\"position\":1,\"name\":\"In\u00edcio\",\"item\":\"https:\/\/digitalsystems-rs.com.br\/produtos\/\"},{\"@type\":\"ListItem\",\"position\":2,\"name\":\"Products\",\"item\":\"https:\/\/digitalsystems-rs.com.br\/produtos\/shop\/\"},{\"@type\":\"ListItem\",\"position\":3,\"name\":\"SAMSUNG M4070\"}]},{\"@type\":\"WebSite\",\"@id\":\"https:\/\/digitalsystems-rs.com.br\/produtos\/#website\",\"url\":\"https:\/\/digitalsystems-rs.com.br\/produtos\/\",\"name\":\"Digital Systems-RS\",\"description\":\"Outsourcing de Impress\u00e3o e Digitaliza\u00e7\u00e3o\",\"potentialAction\":[{\"@type\":\"SearchAction\",\"target\":{\"@type\":\"EntryPoint\",\"urlTemplate\":\"https:\/\/digitalsystems-rs.com.br\/produtos\/?s={search_term_string}\"},\"query-input\":{\"@type\":\"PropertyValueSpecification\",\"valueRequired\":true,\"valueName\":\"search_term_string\"}}],\"inLanguage\":\"pt-BR\"}]}<\/script>\n<!-- \/ Yoast SEO plugin. -->","yoast_head_json":{"title":"SAMSUNG M4070 - Digital Systems-RS","description":"Com a versatilidade de um equipamento 4 em 1, voc\u00ea tem em uma \u00fanica impressora as fun\u00e7\u00f5es de impress\u00e3o, digitaliza\u00e7\u00e3o, copia e envio de fax.","robots":{"index":"index","follow":"follow","max-snippet":"max-snippet:-1","max-image-preview":"max-image-preview:large","max-video-preview":"max-video-preview:-1"},"canonical":"https:\/\/digitalsystems-rs.com.br\/produtos\/produto\/samsung-m4070\/","og_locale":"pt_BR","og_type":"article","og_title":"SAMSUNG M4070 - Digital Systems-RS","og_description":"Com a versatilidade de um equipamento 4 em 1, voc\u00ea tem em uma \u00fanica impressora as fun\u00e7\u00f5es de impress\u00e3o, digitaliza\u00e7\u00e3o, copia e envio de fax.","og_url":"https:\/\/digitalsystems-rs.com.br\/produtos\/produto\/samsung-m4070\/","og_site_name":"Digital Systems-RS","article_modified_time":"2025-01-27T13:21:01+00:00","og_image":[{"width":600,"height":600,"url":"https:\/\/digitalsystems-rs.com.br\/produtos\/wp-content\/uploads\/2020\/01\/SAMSUNG_M4070.png","type":"image\/png"}],"twitter_card":"summary_large_image","twitter_misc":{"Est. tempo de leitura":"1 minuto"},"schema":{"@context":"https:\/\/schema.org","@graph":[{"@type":"WebPage","@id":"https:\/\/digitalsystems-rs.com.br\/produtos\/produto\/samsung-m4070\/","url":"https:\/\/digitalsystems-rs.com.br\/produtos\/produto\/samsung-m4070\/","name":"SAMSUNG M4070 - Digital Systems-RS","isPartOf":{"@id":"https:\/\/digitalsystems-rs.com.br\/produtos\/#website"},"primaryImageOfPage":{"@id":"https:\/\/digitalsystems-rs.com.br\/produtos\/produto\/samsung-m4070\/#primaryimage"},"image":{"@id":"https:\/\/digitalsystems-rs.com.br\/produtos\/produto\/samsung-m4070\/#primaryimage"},"thumbnailUrl":"https:\/\/digitalsystems-rs.com.br\/produtos\/wp-content\/uploads\/2020\/01\/SAMSUNG_M4070.png","datePublished":"2020-01-03T16:14:37+00:00","dateModified":"2025-01-27T13:21:01+00:00","description":"Com a versatilidade de um equipamento 4 em 1, voc\u00ea tem em uma \u00fanica impressora as fun\u00e7\u00f5es de impress\u00e3o, digitaliza\u00e7\u00e3o, copia e envio de fax.","breadcrumb":{"@id":"https:\/\/digitalsystems-rs.com.br\/produtos\/produto\/samsung-m4070\/#breadcrumb"},"inLanguage":"pt-BR","potentialAction":[{"@type":"ReadAction","target":["https:\/\/digitalsystems-rs.com.br\/produtos\/produto\/samsung-m4070\/"]}]},{"@type":"ImageObject","inLanguage":"pt-BR","@id":"https:\/\/digitalsystems-rs.com.br\/produtos\/produto\/samsung-m4070\/#primaryimage","url":"https:\/\/digitalsystems-rs.com.br\/produtos\/wp-content\/uploads\/2020\/01\/SAMSUNG_M4070.png","contentUrl":"https:\/\/digitalsystems-rs.com.br\/produtos\/wp-content\/uploads\/2020\/01\/SAMSUNG_M4070.png","width":600,"height":600},{"@type":"BreadcrumbList","@id":"https:\/\/digitalsystems-rs.com.br\/produtos\/produto\/samsung-m4070\/#breadcrumb","itemListElement":[{"@type":"ListItem","position":1,"name":"In\u00edcio","item":"https:\/\/digitalsystems-rs.com.br\/produtos\/"},{"@type":"ListItem","position":2,"name":"Products","item":"https:\/\/digitalsystems-rs.com.br\/produtos\/shop\/"},{"@type":"ListItem","position":3,"name":"SAMSUNG M4070"}]},{"@type":"WebSite","@id":"https:\/\/digitalsystems-rs.com.br\/produtos\/#website","url":"https:\/\/digitalsystems-rs.com.br\/produtos\/","name":"Digital Systems-RS","description":"Outsourcing de Impress\u00e3o e Digitaliza\u00e7\u00e3o","potentialAction":[{"@type":"SearchAction","target":{"@type":"EntryPoint","urlTemplate":"https:\/\/digitalsystems-rs.com.br\/produtos\/?s={search_term_string}"},"query-input":{"@type":"PropertyValueSpecification","valueRequired":true,"valueName":"search_term_string"}}],"inLanguage":"pt-BR"}]}},"_links":{"self":[{"href":"https:\/\/digitalsystems-rs.com.br\/produtos\/wp-json\/wp\/v2\/product\/473","targetHints":{"allow":["GET"]}}],"collection":[{"href":"https:\/\/digitalsystems-rs.com.br\/produtos\/wp-json\/wp\/v2\/product"}],"about":[{"href":"https:\/\/digitalsystems-rs.com.br\/produtos\/wp-json\/wp\/v2\/types\/product"}],"wp:featuredmedia":[{"embeddable":true,"href":"https:\/\/digitalsystems-rs.com.br\/produtos\/wp-json\/wp\/v2\/media\/1049"}],"wp:attachment":[{"href":"https:\/\/digitalsystems-rs.com.br\/produtos\/wp-json\/wp\/v2\/media?parent=473"}],"wp:term":[{"taxonomy":"product_brand","embeddable":true,"href":"https:\/\/digitalsystems-rs.com.br\/produtos\/wp-json\/wp\/v2\/product_brand?post=473"},{"taxonomy":"product_cat","embeddable":true,"href":"https:\/\/digitalsystems-rs.com.br\/produtos\/wp-json\/wp\/v2\/product_cat?post=473"},{"taxonomy":"product_tag","embeddable":true,"href":"https:\/\/digitalsystems-rs.com.br\/produtos\/wp-json\/wp\/v2\/product_tag?post=473"}],"curies":[{"name":"wp","href":"https:\/\/api.w.org\/{rel}","templated":true}]}}